{"id":35,"date":"2025-02-05T16:02:38","date_gmt":"2025-02-05T15:02:38","guid":{"rendered":"http:\/\/bmsvzqf.cluster021.hosting.ovh.net\/index.php\/blog\/"},"modified":"2026-03-30T19:31:42","modified_gmt":"2026-03-30T17:31:42","slug":"coach","status":"publish","type":"page","link":"https:\/\/coachsportifmarion.fr\/index.php\/coach\/","title":{"rendered":"Coach"},"content":{"rendered":"\n<p><\/p>\n\n\n\n<p class=\"has-text-align-center\" style=\"font-size:18px\"><strong>La coach sportif Marion vous fait b\u00e9n\u00e9ficier de ses comp\u00e9tences et de son exp\u00e9rience sportive au travers d&rsquo;un accompagnement personnalis\u00e9.<br>Titulaire du BPJEPS AF carte pro N\u00b0 : 09221ED0120<\/strong><\/p>\n\n\n\n<p class=\"has-text-align-center\" style=\"font-size:18px\"><br><strong>Marion r\u00e9alise votre programme de sport personnalis\u00e9 pour vous faire atteindre vos objectifs. <\/strong><\/p>\n\n\n\n<p class=\"has-text-align-center\" style=\"font-size:16px\"><strong>Etant elle-m\u00eame une sportive de haut niveau, elle saura cerner vos besoins et vous accompagner tout au long du processus. Votre coach Marion a \u00e9t\u00e9 5\u00e8me au championnat de France de Judo dans la 1\u00e8re division s\u00e9nior. 8 \u00e8me fran\u00e7aise dans sa cat\u00e9gorie de poids est actuellement son meilleur classement.<\/strong><\/p>\n\n\n\n<p><\/p>\n\n\n\n<figure class=\"wp-block-image size-full\"><img loading=\"lazy\" decoding=\"async\" width=\"1004\" height=\"606\" src=\"https:\/\/coachsportifmarion.fr\/wp-content\/uploads\/2025\/02\/3titres5.png\" alt=\"Marion DESOBRY-B\u00d6HLE et une illustration de coaching et massage\" class=\"wp-image-369\" srcset=\"https:\/\/coachsportifmarion.fr\/wp-content\/uploads\/2025\/02\/3titres5.png 1004w, https:\/\/coachsportifmarion.fr\/wp-content\/uploads\/2025\/02\/3titres5-300x181.png 300w, https:\/\/coachsportifmarion.fr\/wp-content\/uploads\/2025\/02\/3titres5-768x464.png 768w\" sizes=\"auto, (max-width: 1004px) 100vw, 1004px\" \/><\/figure>\n","protected":false},"excerpt":{"rendered":"<p>La coach sportif Marion vous fait b\u00e9n\u00e9ficier de ses comp\u00e9tences et de son exp\u00e9rience sportive au travers d&rsquo;un accompagnement personnalis\u00e9.Titulaire du BPJEPS AF carte pro N\u00b0 : 09221ED0120 Marion r\u00e9alise votre programme de sport personnalis\u00e9 pour vous faire atteindre vos objectifs. Etant elle-m\u00eame une sportive de haut niveau, elle saura cerner vos besoins et vous<\/p><\/div>\n<div class=\"blog-btn\"><a href=\"https:\/\/coachsportifmarion.fr\/index.php\/coach\/\" class=\"home-blog-btn\">Lire la suite<\/a><\/p>\n","protected":false},"author":1,"featured_media":6,"parent":0,"menu_order":1,"comment_status":"closed","ping_status":"closed","template":"template\/template-page-full-width.php","meta":{"footnotes":""},"class_list":["post-35","page","type-page","status-publish","has-post-thumbnail","hentry"],"aioseo_notices":[],"_links":{"self":[{"href":"https:\/\/coachsportifmarion.fr\/index.php\/wp-json\/wp\/v2\/pages\/35","targetHints":{"allow":["GET"]}}],"collection":[{"href":"https:\/\/coachsportifmarion.fr\/index.php\/wp-json\/wp\/v2\/pages"}],"about":[{"href":"https:\/\/coachsportifmarion.fr\/index.php\/wp-json\/wp\/v2\/types\/page"}],"author":[{"embeddable":true,"href":"https:\/\/coachsportifmarion.fr\/index.php\/wp-json\/wp\/v2\/users\/1"}],"replies":[{"embeddable":true,"href":"https:\/\/coachsportifmarion.fr\/index.php\/wp-json\/wp\/v2\/comments?post=35"}],"version-history":[{"count":32,"href":"https:\/\/coachsportifmarion.fr\/index.php\/wp-json\/wp\/v2\/pages\/35\/revisions"}],"predecessor-version":[{"id":428,"href":"https:\/\/coachsportifmarion.fr\/index.php\/wp-json\/wp\/v2\/pages\/35\/revisions\/428"}],"wp:featuredmedia":[{"embeddable":true,"href":"https:\/\/coachsportifmarion.fr\/index.php\/wp-json\/wp\/v2\/media\/6"}],"wp:attachment":[{"href":"https:\/\/coachsportifmarion.fr\/index.php\/wp-json\/wp\/v2\/media?parent=35"}],"curies":[{"name":"wp","href":"https:\/\/api.w.org\/{rel}","templated":true}]}}